llions digit of 193185484?
9
What is the tens digit of 220197022?
2
What is the units digit of 157359419?
9
What is the tens digit of 207658429?
2
What is the hundreds digit of 443455939?
9
What is the thousands digit of 12178?
2
What is the units digit of 50662922?
2
What is the tens digit of 30955429?
2
What is the millions digit of 315279856?
5
What is the tens digit of 157752383?
8
What is the millions digit of 1108224950?
8
What is the tens digit of 473004010?
1
What is the thousands digit of 265456740?
6
What is the tens digit of 117298300?
0
What is the ten millions digit of 65934072?
6
What is the tens digit of 88114001?
0
What is the hundreds digit of 438895587?
5
What is the ten millions digit of 350988439?
5
What is the ten thousands digit of 89051638?
5
What is the hundreds digit of 147746869?
8
What is the ten millions digit of 822905019?
2
What is the millions digit of 2102989309?
2
What is the hundreds digit of 3290699674?
6
What is the hundred thousands digit of 675987056?
9
What is the tens digit of 768421890?
9
What is the ten thousands digit of 4317663276?
6
What is the tens digit of 2053468?
6
What is the units digit of 139166906?
6
What is the millions digit of 214022860?
4
What is the ten millions digit of 53883117?
5
What is the hundred thousands digit of 320290496?
2
What is the ten millions digit of 167685011?
6
What is the thousands digit of 134644770?
4
What is the millions digit of 2983483119?
3
What is the thousands digit of 94914850?
4
What is the hundreds digit of 4889623899?
8
What is the millions digit of 585943425?
5
What is the units digit of 53472489?
9
What is the hundred thousands digit of 77124334?
1
What is the tens digit of 779462967?
6
What is the hundreds digit of 108450860?
8
What is the ten millions digit of 738183582?
3
What is the tens digit of 210007996?
9
What is the units digit of 51750311?
1
What is the ten thousands digit of 107539630?
3
What is the millions digit of 54244613?
4
What is the hundreds digit of 510270829?
8
What is the units digit of 132395044?
4
What is the thousands digit of 5055745?
5
What is the units digit of 78579167?
7
What is the tens digit of 35250323?
2
What is the ten thousands digit of 45050820?
5
What is the ten thousands digit of 45256448?
5
What is the units digit of 89626385?
5
What is the hundreds digit of 2452837298?
2
What is the millions digit of 550460224?
0
What is the thousands digit of 598968389?
8
What is the hundred thousands digit of 1920758166?
7
What is the units digit of 361862491?
1
What is the units digit of 6924916628?
8
What is the thousands digit of 131787746?
7
What is the ten thousands digit of 90312348?
1
What is the ten millions digit of 80981680?
8
What is the hundreds digit of 3530476?
4
What is the hundred thousands digit of 3655360845?
3
What is the hundred thousands digit of 56187067?
1
What is the tens digit of 120460403?
0
What is the thousands digit of 90343064?
3
What is the millions digit of 275313658?
5
What is the tens digit of 180205941?
4
What is the millions digit of 164507008?
4
What is the hundred millions digit of 355712356?
3
What is the hundred millions digit of 373068029?
3
What is the ten millions digit of 921375184?
2
What is the hundred thousands digit of 43385972?
3
What is the hundreds digit of 95402388?
3
What is the tens digit of 96957551?
5
What is the thousands digit of 347263865?
3
What is the hundred thousands digit of 3160747877?
7
What is the hundreds digit of 1101747203?
2
What is the thousands digit of 3038004322?
4
What is the millions digit of 150036912?
0
What is the hundreds digit of 17990729?
7
What is the units digit of 188628838?
8
What is the millions digit of 56287265?
6
What is the thousands digit of 94419981?
9
What is the units digit of 95172354?
4
What is the tens digit of 125580966?
6
What is the billions digit of 6265999194?
6
What is the millions digit of 146883140?
6
What is the thousands digit of 3789014152?
4
What is the thousands digit of 82755162?
5
What is the units digit of 183315558?
8
What is the ten thousands digit of 947570430?
7
What is the tens digit of 35603467?
6
What is the tens digit of 58443459?
5
What is the units digit of 689512961?
1
What is the hundred thousands digit of 441818264?
8
What is the hundred thousands digit of 330314499?
3
What is the ten millions digit of 104820937?
0
What is the hundred thousands digit of 67192748?
1
What is the thousands digit of 73985164?
5
What is the units digit of 1520781195?
5
What is the ten millions digit of 739816061?
3
What is the tens digit of 9645248?
4
What is the hundred thousands digit of 115557712?
5
What is the ten millions digit of 3339694913?
3
What is the hundred thousands digit of 90191500?
1
What is the ten thousands digit of 34490623?
9
What is the ten thousands digit of 61433215?
3
What is the units digit of 353811101?
1
What is the millions digit of 501431943?
1
What is the ten millions digit of 407762190?
0
What is the ten millions digit of 54646086?
5
What is the billions digit of 6343729527?
6
What is the ten thousands digit of 885360093?
6
What is the units digit of 2903919375?
5
What is the ten millions digit of 477066071?
7
What is the tens digit of 146995113?
1
What is the ten millions digit of 596446023?
9
What is the hundred thousands digit of 362343738?
3
What is the units digit of 718746940?
0
What is the thousands digit of 536174196?
4
What is the units digit of 38031487?
7
What is the ten millions digit of 752619645?
5
What is the hundreds digit of 612130574?
5
What is the hundred millions digit of 569537546?
5
What is the thousands digit of 109225308?
5
What is the ten thousands digit of 8349741699?
4
What is the millions digit of 2876695868?
6
What is the tens digit of 3936135604?
0
What is the ten thousands digit of 2527794973?
9
What is the billions digit of 1818075603?
1
What is the tens digit of 119010509?
0
What is the tens digit of 65492368?
6
What is the billions digit of 1048348889?
1
What is the ten thousands digit of 513876189?
7
What is the thousands digit of 164992171?
2
What is the ten thousands digit of 17603768?
0
What is the hundreds digit of 13584376?
3
What is the billions digit of 1367082421?
1
What is the hundred thousands digit of 5228503282?
5
What is the hundreds digit of 2643153?
1
What is the hundred thousands digit of 44029630?
0
What is the tens digit of 9585498?
9
What is the tens digit of 881388140?
4
What is the millions digit of 107303440?
7
What is the ten millions digit of 246877144?
4
What is the hundred thousands digit of 22242529?
2
What is the thousands digit of 574723499?
3
What is the units digit of 218640493?
3
What is the millions digit of 66343817?
6
What is the hundred millions digit of 192061679?
1
What is the ten millions digit of 563104536?
6
What is the billions digit of 5867418716?
5
What is the hundreds digit of 3216712564?
5
What is the billions digit of 3778413942?
3
What is the hundreds digit of 2136608997?
9
What is the hundred thousands digit of 1330877697?
8
What is the ten millions digit of 683702409?
8
What is the tens digit of 832917505?
0
What is the hundreds digit of 46547390?
3
What is the millions digit of 58881048?
8
What is the tens digit of 12716403?
0
What is the thousands digit of 250715517?
5
What is the millions digit of 83904627?
3
What is the thousands digit of 81343595?
3
What is the ten thousands digit of 75413111?
1
What is the millions digit of 24536498?
4
What is the millions digit of 295604099?
5
What is the hundreds digit of 629718397?
3
What is the tens digit of 1123358370?
7
What is the hundreds digit of 1649564392?
3
What is the ten millions digit of 154680855?
5
What is the ten millions digit of 3911507576?
1
What is the tens digit of 74121643?
4
What is the hundred thousands digit of 161414528?
4
What is the ten millions digit of 55284495?
5
What is the hundred millions digit of 4592941735?
5
What is the ten thousands digit of 231045196?
4
What is the millions digit of 26011972?
6
What is the hundreds digit of 69645279?
2
What is the thousands digit of 134450877?
0
What is the tens digit of 3616279012?
1
What is the units digit of 1057445762?
2
What is the hundreds digit of 988258135?
1
What is the units digit o